it of (-1)/(384/1179 - f/(-12))?
1
Let o = -145 - -153. Suppose -o*m + m + m = 0. Suppose m*c - 5*c - 15 = 0, 0 = -5*g - 2*c + 1279. What is the units digit of g?
7
Suppose 4*l = 4*c - 600, 0 = -2*c - 2*l + 157 + 163. Let o = c + -11. What is the tens digit of o?
4
Let r = 5061 - 2331. Suppose 156 = 4*k - 2*t - r, 2*k - 1447 = -3*t. What is the units digit of k?
2
Suppose 36 = -3*l - 4*p, -l = 4*l + 3*p + 60. Let k be (351/l)/13*4/(-3). Suppose -5*m - 1191 = -4*z - 224, k*z + 5*m - 699 = 0. What is the units digit of z?
8
Let s(v) = 9*v + 7 + v**2 + 7 - 11*v - 10*v. Let h be s(11). What is the units digit of h/(3/1)*2 + 95?
7
Let d be -3 + (-2 - -4)/(6/21). What is the hundreds digit of 4/(d + -2) + 298?
3
Suppose 36271 = 5*b - 162221 - 25823. What is the thousands digit of b?
4
Suppose 0 = 4*n + 2*n + 3348. Let m = n - -795. What is the tens digit of m?
3
Suppose -2*j - 4*y + 1361 = y, y + 3 = 0. Let a = j + -306. What is the hundreds digit of a?
3
Let n(c) = 532*c**2 + 187*c - 1161. What is the hundreds digit of n(6)?
1
Suppose -15 = -21*y + 16*y. Suppose 3*x + 40 = 5*o, y*o = -9*x + 13*x + 35. Suppose z + 375 = 2*i, -i - o*z + 190 = -6*z. What is the tens digit of i?
8
Let h(r) be the second derivative of r**5/20 + 11*r**4/12 + 2*r**3/3 - r**2/2 + 11*r. Let y be h(-6). Suppose -2*d - 3*d = -y. What is the units digit of d?
1
Suppose -5*z - 42673 = -4*l + 3*l, -42681 = -l - 3*z. What is the ten thousands digit of l?
4
Suppose 298 - 5 = 3*i - 4*g, 5*i - 4*g = 491. Let l = i + 102. What is the tens digit of l?
0
Suppose 133*b = 138*b + 5*q + 15, q = b - 3. Suppose 2*l = 4*l - 334. Suppose 15*v - 16*v + l = b. What is the tens digit of v?
6
Suppose j + 9 = 17, 4*l - j - 108688 = 0. What is the tens digit of l?
7
Let f(r) = 114*r**2 + 1 + r + 0*r + 0*r + 5*r. Let l be f(-2). Let v = -274 + l. What is the tens digit of v?
7
Let s(l) = 1173*l + 11056. What is the units digit of s(-6)?
8
Let c(s) = 25*s**2 - 88*s - 163. What is the hundreds digit of c(38)?
5
Suppose 25*j - 33680 = -5505. Suppose -5443 - j = -9*i. What is the hundreds digit of i?
7
Let j = 636 - 603. Suppose -j*v + 31136 = -5*v. What is the hundreds digit of v?
1
Suppose -225*v = -286*v + 1494195. What is the tens digit of v?
9
Let x(c) = c**3 + 17*c**2 - 18*c - 5. Let j be x(-18). Let m be 1/j - 40/50. What is the tens digit of 82/3 - m/(-3)?
2
Let p(q) = -1. Suppose c - 3*z + 6 = 0, -4*c + 4*z + 0*z - 24 = 0. Let i(j) = 14*j + 16. Let v(f) = c*p(f) - i(f). What is the units digit of v(-5)?
0
Suppose -937*o = -935*o - 2692. What is the hundreds digit of o?
3
Let a = 44 + -41. Suppose 0 = b - a*b + 3*j - 11, -5*j = -5*b - 30. What is the tens digit of (-3)/b + 9519/133?
7
Suppose -4*w + 5*k = -134206, -20*w - 335530 = -30*w + 5*k. What is the units digit of w?
4
Let m(w) = 11*w**2 + 2*w - 1. Let t be 4/26 - 216/(-117). Let z(g) = -56*g**2 - 10*g + 4. Let h(j) = t*z(j) + 11*m(j). What is the tens digit of h(-4)?
3
Suppose -z + 14227 = 2*l, -12 = -544*z + 540*z. What is the hundreds digit of l?
1
Let s(a) = -59*a + 435. What is the tens digit of s(-20)?
1
Let i be 4/(-12) + 15/(-9). What is the units digit of 1*(145 + i) + (-92)/(-46)?
5
Let w(m) = 17*m**2 + 11*m + 21. Let h be w(-8). What is the hundreds digit of 3/(-9) - h/(-3)?
3
Let p be 14/(-28) + (-1266)/(-4). Suppose 2*k = -3*j - 144, -5*k - p = -4*j - 2. Let q = k - -190. What is the units digit of q?
4
Suppose -3*k + 15 = 0, -8*m = -11*m - 4*k + 32. Suppose 1081 = 19*j + m*j. What is the units digit of j?
7
Let f(w) be the third derivative of 109*w**6/120 - w**4/24 + w**3/6 - 5*w**2. Suppose 0 = -i - 2*b - 1, -5*i + 14*b = 19*b. What is the units digit of f(i)?
9
Let l(r) = 36*r - 10. Let a be l(-17). Let k = -312 - a. What is the tens digit of k?
1
Let y be ((4 - 17) + -1)/(1/166). What is the units digit of y/(-3) + (-8)/12?
4
Let q(x) = 6*x**2 - 51*x + 37. Suppose 41*j - 192 - 505 = 0. What is the units digit of q(j)?
4
Suppose -24 = 4*v - 8. What is the tens digit of -4*(2/v + -3)?
1
Let g be ((-2793)/8*6)/(369/(-984)). Suppose -g = -8*z + 5574. What is the units digit of z?
5
Let d(b) be the second derivative of b**5/20 - b**4 + 3*b**3/2 - 17*b**2 - 28*b. Let q be d(11). Let f = -42 - q. What is the units digit of f?
4
Let c be -3*1*18930/(-90). Suppose 7*y - c = -u + 5*y, -y = -4. What is the hundreds digit of u?
6
Let u(d) = -6*d**3 + 3*d**2 + 11. Let w(o) = -7*o**3 + 3*o**2 + 11. Let n(m) = -6*u(m) + 5*w(m). What is the units digit of n(7)?
5
Suppose -158770 = -35*f + 79250 + 154365. What is the hundreds digit of f?
2
Let t be 2/(-3)*(-48)/8. Suppose -t*n - b - 756 = 0, -108 - 62 = n + 5*b. Let z = 5 - n. What is the units digit of z?
5
Let z = -453 + 445. What is the hundreds digit of -1 + 4 + z - -989?
9
Let p = 104054 - 54834. Suppose 0 = 21*n + 25*n - p. What is the tens digit of n?
7
Let b be (10/6 + -2)*18/(-1). Suppose 3*r = -b, 2*z = -2*z + 4*r + 44. What is the units digit of 780/z*3/2?
0
Let r(q) = 15*q**2 + 9*q - 8. Let m be r(1). Suppose -m*f = -13*f - 3672. What is the tens digit of f?
2
Let k = -4 - -2. Let q be 3 + -2 + (0 - 0 - k). Suppose -q*n = -4*n + 182. What is the tens digit of n?
8
Let x(l) = 8*l**3 + 2*l + l**2 + 2 - 13*l**3 + l**2 - 3*l**2. Let a be x(-1). Suppose 3*p + 2*h - 6 = 1, -a*h - 11 = p. What is the units digit of p?
5
Let k be (-1 + -3 + 3)*(1 - 6). Let y(n) = k - n - 10*n + 43*n - 2. What is the units digit of y(1)?
5
Suppose 8897 = 4*s - 3*k - 21039, 0 = 5*s - 2*k - 37420. What is the units digit of s?
4
Suppose 5*r = -4*f + 30 + 33, 4*f = 4*r - 72. Suppose 18*u + 15 = r*u. Let h(k) = -28*k - 10. What is the units digit of h(u)?
0
What is the tens digit of (-97)/(99/(-264)*4/6)?
8
Suppose -5*u = w - 138411 - 154597, -3*w = -6*u + 351576. What is the tens digit of u?
0
Let k(n) be the first derivative of n**6/45 + n**5/60 + n**4/24 + 4*n**3/3 - 10. Let j(p) be the third derivative of k(p). What is the tens digit of j(-2)?
2
Let b be -1*(-1)/(-3 + 2). Let p = 3434 + -3430. What is the tens digit of 12/(b + -3) - (-384)/p?
9
Let c = -32 - -28. Let d(p) = -4*p**2 - 2*p - 1. Let j be d(-1). What is the tens digit of ((-2)/c)/(521/(-174) - j)?
8
Let v = -2 - 8. Let s(i) = -18*i - 24. What is the units digit of s(v)?
6
Let g(m) = -m**3 - 64*m**2 - 43*m - 1896. What is the units digit of g(-72)?
2
Let v(f) = -12*f + 1230. What is the tens digit of v(92)?
2
Suppose 5*x - 4*o + 5068 = 44656, 5*x = o + 39597. What is the units digit of x?
0
Let c be 3371 - ((-45)/(-9) - 12). Suppose 31*r = 27*r + 3*x + c, -5*r - 5*x + 4240 = 0. What is the hundreds digit of r?
8
Let t = 1705 - 1701. Suppose -4*y + 4*d + 8 = 0, 2*y - 4*d - 2 = -d. Suppose -2*s + 20 = -4*b - 0*b, t*b = -y. What is the units digit of s?
8
Let b(j) = j + 14. Let f be b(-9). Let s be (f + 1)*(-143)/(-22). What is the units digit of 17/85 + s/5?
8
Let x = -152 + -11. Let a = x - -238. Suppose -4*z - m + 245 = z, 5*m + a = z. What is the units digit of z?
0
Suppose -1423343 - 2251762 = -88*n + 43*n. What is the ten thousands digit of n?
8
Let g(c) = -808*c + 249. What is the hundreds digit of g(-9)?
5
Let o = 9843 - 4922. What is the units digit of o?
1
Let d(s) = -200*s**3 - 19*s**2 + 17*s + 43. What is the tens digit of d(-6)?
5
What is the units digit of (-218705)/(-12 - 5) + 15?
0
Let u(q) = 2*q**3 + 21*q**2 + 31*q - 7. Let w(k) = -k**3 - 11*k**2 - 15*k + 4. Let l(d) = -3*u(d) - 7*w(d). What is the units digit of l(-7)?
2
Let h(o) = 8*o**2 - 4*o + 24. Let q be h(-10). Suppose -35*v = -37*v + q. Suppose v = 3*u + u. What is the hundreds digit of u?
1
Let z = 215 - 143. What is the hundreds digit of (8/(-18))/2 - (-20032)/z?
2
What is the hundreds digit of -21042*(-70)/100*(4 + 1)?
6
Let i(d) = -108*d - 898. Let o be i(-8). Let l(c) = 4*c**3 - 4*c**2 - 3*c - 1. Let a be l(4). Let y = a + o. What is the units digit of y?
5
Let j(t) be the second derivative of t**4/4 - t**3/2 + t**2 + 30*t. Let g be j(1). Suppose p = -4*x + 1000, g*x = -5*p + 332 + 168. What is the tens digit of x?
5
Let q(c) be the first derivative of -1/3*c**3 - 10*c**2 - 10*c - 8. What is the tens digit of q(-8)?
8
Let i(v) = -2394*v**3 - v**2 - 5*v - 3. Let b be i(-1). Suppose -5*s + g + 2*g = -b, 5*s + 4*g = 2430. What is the units digit of s?
2
Suppose -